{"id":2,"date":"2007-09-25T15:19:19","date_gmt":"2007-09-25T13:19:19","guid":{"rendered":""},"modified":"2020-02-08T12:41:22","modified_gmt":"2020-02-08T10:41:22","slug":"about","status":"publish","type":"page","link":"https:\/\/sorprendemos.com\/consultoresdocumentales\/?page_id=2","title":{"rendered":"El Autor"},"content":{"rendered":"<p>[et_pb_section fb_built=\u00bb1&#8243; admin_label=\u00bbsection\u00bb _builder_version=\u00bb3.22&#8243;][et_pb_row column_structure=\u00bb2_3,1_3&#8243; admin_label=\u00bbrow\u00bb _builder_version=\u00bb3.25&#8243; background_size=\u00bbinitial\u00bb background_position=\u00bbtop_left\u00bb background_repeat=\u00bbrepeat\u00bb][et_pb_column type=\u00bb2_3&#8243; _builder_version=\u00bb3.25&#8243; custom_padding=\u00bb|||\u00bb custom_padding__hover=\u00bb|||\u00bb][et_pb_post_title meta=\u00bboff\u00bb featured_image=\u00bboff\u00bb _builder_version=\u00bb4.3.1&#8243;][\/et_pb_post_title][et_pb_text admin_label=\u00bbAUTOR\u00bb _builder_version=\u00bb4.3.1&#8243;]<\/p>\n<p style=\"text-align: left;\"><span style=\"font-family: arial, helvetica, sans-serif; font-size: 14pt;\">Muchas, muchas horas de estudio y unos cuantos a\u00f1os de experiencia profesional en el \u00e1mbito de la gesti\u00f3n documental e informaci\u00f3n,\u00a0archiv\u00edstica\u00a0y servicios profesionales, me han llevado a un intento, en este contexto de globalizaci\u00f3n,\u00a0de compartir conocimiento y experiencias.<\/span><\/p>\n<p style=\"text-align: left;\"><span style=\"font-family: arial, helvetica, sans-serif; font-size: 14pt;\">Aqu\u00ed no se pretende asentar verdades (es decir, dar por cierto un hecho), todo lo contrario, se trata de compartir casos pr\u00e1cticos, innovaci\u00f3n, puntos de vista, soluciones, metodolog\u00eda, operativa, errores y oportunidades, etc., siempre en el contexto de la tem\u00e1tica del blog.<\/span><\/p>\n<p style=\"text-align: left;\"><span style=\"font-family: arial, helvetica, sans-serif; font-size: 14pt;\">Tiendo m\u00e1s hacia lo pr\u00e1ctico que a lo te\u00f3rico. Mi experiencia profesional me ha ido llevando\u00a0a la b\u00fasqueda de soluciones eficaces y eficientes para problemas reales.\u00a0He preferido dar una soluci\u00f3n, a\u00fan siendo incompleta, antes que demorarla por alcanzar la perfecci\u00f3n.<\/span><\/p>\n<p style=\"text-align: left;\"><span style=\"font-family: arial, helvetica, sans-serif; font-size: 14pt;\">Me van a permitir ser un tanto desenfadado en mi estilo, va con mi car\u00e1cter. Eso si, no dar\u00e9 entrada en el blog a quien no sepa respetar la opini\u00f3n del resto o utilice maneras impropias.<\/span><\/p>\n<p style=\"text-align: left;\"><span style=\"font-family: arial, helvetica, sans-serif; font-size: 14pt;\">El proyecto Consultores Documentales se hace posible tambi\u00e9n gracias al apoyo incondicional de Pilar S\u00e1nchez Hernamp\u00e9rez.<\/span><\/p>\n<p style=\"text-align: left;\"><span style=\"font-family: arial, helvetica, sans-serif; font-size: 14pt;\"><strong>Todos los \u00e9xitos nacen cuando nos atrevemos a comenzar.<\/strong><\/span><\/p>\n<p style=\"text-align: left;\"><span style=\"font-family: arial, helvetica, sans-serif; font-size: 14pt;\">Emilio Sanz Santos,\u00a018 de septiembre de 2008<\/span><\/p>\n<p style=\"text-align: left;\"><span style=\"font-family: arial, helvetica, sans-serif; font-size: 14pt;\">Nota:<\/span><\/p>\n<p style=\"text-align: left;\"><span style=\"font-family: arial, helvetica, sans-serif; font-size: 14pt;\">Estoy\u00a0a tu disposici\u00f3n en <a href=\"mailto:consultoresdocumentales@sorprendemos.com\">info@conocimientopractico.es<\/a><\/span><\/p>\n<p style=\"text-align: justify;\"><a href=\"https:\/\/www.google.com\/url?sa=t&amp;rct=j&amp;q=&amp;esrc=s&amp;source=web&amp;cd=1&amp;cad=rja&amp;uact=8&amp;ved=2ahUKEwj_1_7kr4rmAhUi2uAKHQDPAMgQFjAAegQIBRAB&amp;url=https%3A%2F%2Fes.linkedin.com%2Fin%2Femilio-sanz-santos-571a1229&amp;usg=AOvVaw2nt6Lg-STtEoKJwuIXkd9R\"><br \/><img loading=\"lazy\" decoding=\"async\" src=\"http:\/\/www.linkedin.com\/img\/webpromo\/btn_viewmy_120x33_es_ES.png?locale=null\" alt=\"Ver el perfil de Emilio Sanz Santos en LinkedIn\" width=\"120\" height=\"33\" border=\"0\" \/><br \/><\/a><\/p>\n<p>[\/et_pb_text][et_pb_button button_url=\u00bbhttps:\/\/conocimientopractico.es\/\u00bb button_text=\u00bbCONTACTA AHORA\u00bb button_alignment=\u00bbcenter\u00bb _builder_version=\u00bb4.3.1&#8243; custom_button=\u00bbon\u00bb button_text_color=\u00bb#0c71c3&#8243;][\/et_pb_button][\/et_pb_column][et_pb_column type=\u00bb1_3&#8243; _builder_version=\u00bb3.25&#8243; custom_padding=\u00bb|||\u00bb custom_padding__hover=\u00bb|||\u00bb][et_pb_sidebar _builder_version=\u00bb4.3.1&#8243;][\/et_pb_sidebar][\/et_pb_column][\/et_pb_row][\/et_pb_section]<\/p>\n","protected":false},"excerpt":{"rendered":"<p>Muchas, muchas horas de estudio y unos cuantos a\u00f1os de experiencia profesional en el \u00e1mbito de la gesti\u00f3n documental e informaci\u00f3n,\u00a0archiv\u00edstica\u00a0y servicios profesionales, me han llevado a un intento, en este contexto de globalizaci\u00f3n,\u00a0de compartir conocimiento y experiencias. Aqu\u00ed no se pretende asentar verdades (es decir, dar por cierto un hecho), todo lo contrario, se [&hellip;]<\/p>\n","protected":false},"author":5,"featured_media":0,"parent":0,"menu_order":3,"comment_status":"closed","ping_status":"open","template":"","meta":{"_et_pb_use_builder":"on","_et_pb_old_content":"<p style=\"text-align: justify;\">Muchas, muchas horas de estudio y unos cuantos a\u00f1os de experiencia profesional en el \u00e1mbito de la gesti\u00f3n documental e informaci\u00f3n,\u00a0archiv\u00edstica\u00a0y servicios profesionales, me han llevado a un intento, en este contexto de globalizaci\u00f3n,\u00a0de compartir conocimiento y experiencias.<\/p><p style=\"text-align: justify;\">Aqu\u00ed no se pretende asentar verdades (es decir, dar por cierto un hecho), todo lo contrario, se trata de compartir casos pr\u00e1cticos, innovaci\u00f3n, puntos de vista, soluciones, metodolog\u00eda, operativa, errores y oportunidades, etc., siempre en el contexto de la tem\u00e1tica del blog.<\/p><p style=\"text-align: justify;\">Tiendo m\u00e1s hacia lo pr\u00e1ctico que a lo te\u00f3rico. Mi experiencia profesional me ha ido llevando\u00a0a la b\u00fasqueda de soluciones eficaces y eficientes para problemas reales.\u00a0He preferido dar una soluci\u00f3n, a\u00fan siendo incompleta, antes que demorarla por alcanzar la perfecci\u00f3n.<\/p><p style=\"text-align: justify;\">Me van a permitir ser un tanto desenfadado en mi estilo, va con mi car\u00e1cter. Eso si, no dar\u00e9 entrada en el blog a quien no sepa respetar la opini\u00f3n del resto o utilice maneras impropias.<\/p><p style=\"text-align: justify;\">El proyecto Consultores Documentales se hace posible tambi\u00e9n gracias al apoyo incondicional de Pilar S\u00e1nchez Hernamp\u00e9rez.<\/p><p style=\"text-align: justify;\"><strong>Todos los \u00e9xitos nacen cuando nos atrevemos a comenzar.<\/strong><\/p><p style=\"text-align: justify;\">Emilio Sanz Santos,\u00a018 de septiembre de 2008<\/p><p style=\"text-align: justify;\">Nota:<\/p><p style=\"text-align: justify;\">Estoy\u00a0a tu disposici\u00f3n en <a href=\"mailto:consultoresdocumentales@sorprendemos.com\">info@conocimientopractico.es<\/a><\/p><p style=\"text-align: justify;\"><a href=\"https:\/\/www.google.com\/url?sa=t&rct=j&q=&esrc=s&source=web&cd=1&cad=rja&uact=8&ved=2ahUKEwj_1_7kr4rmAhUi2uAKHQDPAMgQFjAAegQIBRAB&url=https%3A%2F%2Fes.linkedin.com%2Fin%2Femilio-sanz-santos-571a1229&usg=AOvVaw2nt6Lg-STtEoKJwuIXkd9R\"><br \/><img src=\"http:\/\/www.linkedin.com\/img\/webpromo\/btn_viewmy_120x33_es_ES.png?locale=null\" alt=\"Ver el perfil de Emilio Sanz Santos en LinkedIn\" width=\"120\" height=\"33\" border=\"0\" \/><br \/><\/a><\/p>","_et_gb_content_width":"","_monsterinsights_skip_tracking":false,"_monsterinsights_sitenote_active":false,"_monsterinsights_sitenote_note":"","_monsterinsights_sitenote_category":0,"footnotes":""},"class_list":["post-2","page","type-page","status-publish","hentry"],"yoast_head":"<!-- This site is optimized with the Yoast SEO plugin v27.3 - https:\/\/yoast.com\/product\/yoast-seo-wordpress\/ -->\r\n<title>Emilio Sanz . Director de Consultores Documentales<\/title>\r\n<meta name=\"description\" content=\"Emilio Sanz es consultor independiente en gesti\u00f3n documental e informaci\u00f3n y propietario de Conocimiento Pr\u00e1ctico (www.conocimientopractico.es).\" \/>\r\n<meta name=\"robots\" content=\"index, follow, max-snippet:-1, max-image-preview:large, max-video-preview:-1\" \/>\r\n<link rel=\"canonical\" href=\"https:\/\/sorprendemos.com\/consultoresdocumentales\/?page_id=2\" \/>\r\n<meta name=\"twitter:label1\" content=\"Tiempo de lectura\" \/>\n\t<meta name=\"twitter:data1\" content=\"2 minutos\" \/>\r\n<script type=\"application\/ld+json\" class=\"yoast-schema-graph\">{\"@context\":\"https:\\\/\\\/schema.org\",\"@graph\":[{\"@type\":\"WebPage\",\"@id\":\"https:\\\/\\\/sorprendemos.com\\\/consultoresdocumentales\\\/?page_id=2\",\"url\":\"https:\\\/\\\/sorprendemos.com\\\/consultoresdocumentales\\\/?page_id=2\",\"name\":\"Emilio Sanz . Director de Consultores Documentales\",\"isPartOf\":{\"@id\":\"https:\\\/\\\/sorprendemos.com\\\/consultoresdocumentales\\\/#website\"},\"primaryImageOfPage\":{\"@id\":\"https:\\\/\\\/sorprendemos.com\\\/consultoresdocumentales\\\/?page_id=2#primaryimage\"},\"image\":{\"@id\":\"https:\\\/\\\/sorprendemos.com\\\/consultoresdocumentales\\\/?page_id=2#primaryimage\"},\"thumbnailUrl\":\"http:\\\/\\\/www.linkedin.com\\\/img\\\/webpromo\\\/btn_viewmy_120x33_es_ES.png?locale=null\",\"datePublished\":\"2007-09-25T13:19:19+00:00\",\"dateModified\":\"2020-02-08T10:41:22+00:00\",\"description\":\"Emilio Sanz es consultor independiente en gesti\u00f3n documental e informaci\u00f3n y propietario de Conocimiento Pr\u00e1ctico (www.conocimientopractico.es).\",\"breadcrumb\":{\"@id\":\"https:\\\/\\\/sorprendemos.com\\\/consultoresdocumentales\\\/?page_id=2#breadcrumb\"},\"inLanguage\":\"es\",\"potentialAction\":[{\"@type\":\"ReadAction\",\"target\":[\"https:\\\/\\\/sorprendemos.com\\\/consultoresdocumentales\\\/?page_id=2\"]}]},{\"@type\":\"ImageObject\",\"inLanguage\":\"es\",\"@id\":\"https:\\\/\\\/sorprendemos.com\\\/consultoresdocumentales\\\/?page_id=2#primaryimage\",\"url\":\"http:\\\/\\\/www.linkedin.com\\\/img\\\/webpromo\\\/btn_viewmy_120x33_es_ES.png?locale=null\",\"contentUrl\":\"http:\\\/\\\/www.linkedin.com\\\/img\\\/webpromo\\\/btn_viewmy_120x33_es_ES.png?locale=null\"},{\"@type\":\"BreadcrumbList\",\"@id\":\"https:\\\/\\\/sorprendemos.com\\\/consultoresdocumentales\\\/?page_id=2#breadcrumb\",\"itemListElement\":[{\"@type\":\"ListItem\",\"position\":1,\"name\":\"Portada\",\"item\":\"https:\\\/\\\/sorprendemos.com\\\/consultoresdocumentales\"},{\"@type\":\"ListItem\",\"position\":2,\"name\":\"El Autor\"}]},{\"@type\":\"WebSite\",\"@id\":\"https:\\\/\\\/sorprendemos.com\\\/consultoresdocumentales\\\/#website\",\"url\":\"https:\\\/\\\/sorprendemos.com\\\/consultoresdocumentales\\\/\",\"name\":\"Consultores Documentales\",\"description\":\"Dise\u00f1o, planificaci\u00f3n, implantaci\u00f3n, operaci\u00f3n y gesti\u00f3n de proyectos y servicios\",\"potentialAction\":[{\"@type\":\"SearchAction\",\"target\":{\"@type\":\"EntryPoint\",\"urlTemplate\":\"https:\\\/\\\/sorprendemos.com\\\/consultoresdocumentales\\\/?s={search_term_string}\"},\"query-input\":{\"@type\":\"PropertyValueSpecification\",\"valueRequired\":true,\"valueName\":\"search_term_string\"}}],\"inLanguage\":\"es\"}]}<\/script>\r\n<!-- \/ Yoast SEO plugin. -->","yoast_head_json":{"title":"Emilio Sanz . Director de Consultores Documentales","description":"Emilio Sanz es consultor independiente en gesti\u00f3n documental e informaci\u00f3n y propietario de Conocimiento Pr\u00e1ctico (www.conocimientopractico.es).","robots":{"index":"index","follow":"follow","max-snippet":"max-snippet:-1","max-image-preview":"max-image-preview:large","max-video-preview":"max-video-preview:-1"},"canonical":"https:\/\/sorprendemos.com\/consultoresdocumentales\/?page_id=2","twitter_misc":{"Tiempo de lectura":"2 minutos"},"schema":{"@context":"https:\/\/schema.org","@graph":[{"@type":"WebPage","@id":"https:\/\/sorprendemos.com\/consultoresdocumentales\/?page_id=2","url":"https:\/\/sorprendemos.com\/consultoresdocumentales\/?page_id=2","name":"Emilio Sanz . Director de Consultores Documentales","isPartOf":{"@id":"https:\/\/sorprendemos.com\/consultoresdocumentales\/#website"},"primaryImageOfPage":{"@id":"https:\/\/sorprendemos.com\/consultoresdocumentales\/?page_id=2#primaryimage"},"image":{"@id":"https:\/\/sorprendemos.com\/consultoresdocumentales\/?page_id=2#primaryimage"},"thumbnailUrl":"http:\/\/www.linkedin.com\/img\/webpromo\/btn_viewmy_120x33_es_ES.png?locale=null","datePublished":"2007-09-25T13:19:19+00:00","dateModified":"2020-02-08T10:41:22+00:00","description":"Emilio Sanz es consultor independiente en gesti\u00f3n documental e informaci\u00f3n y propietario de Conocimiento Pr\u00e1ctico (www.conocimientopractico.es).","breadcrumb":{"@id":"https:\/\/sorprendemos.com\/consultoresdocumentales\/?page_id=2#breadcrumb"},"inLanguage":"es","potentialAction":[{"@type":"ReadAction","target":["https:\/\/sorprendemos.com\/consultoresdocumentales\/?page_id=2"]}]},{"@type":"ImageObject","inLanguage":"es","@id":"https:\/\/sorprendemos.com\/consultoresdocumentales\/?page_id=2#primaryimage","url":"http:\/\/www.linkedin.com\/img\/webpromo\/btn_viewmy_120x33_es_ES.png?locale=null","contentUrl":"http:\/\/www.linkedin.com\/img\/webpromo\/btn_viewmy_120x33_es_ES.png?locale=null"},{"@type":"BreadcrumbList","@id":"https:\/\/sorprendemos.com\/consultoresdocumentales\/?page_id=2#breadcrumb","itemListElement":[{"@type":"ListItem","position":1,"name":"Portada","item":"https:\/\/sorprendemos.com\/consultoresdocumentales"},{"@type":"ListItem","position":2,"name":"El Autor"}]},{"@type":"WebSite","@id":"https:\/\/sorprendemos.com\/consultoresdocumentales\/#website","url":"https:\/\/sorprendemos.com\/consultoresdocumentales\/","name":"Consultores Documentales","description":"Dise\u00f1o, planificaci\u00f3n, implantaci\u00f3n, operaci\u00f3n y gesti\u00f3n de proyectos y servicios","potentialAction":[{"@type":"SearchAction","target":{"@type":"EntryPoint","urlTemplate":"https:\/\/sorprendemos.com\/consultoresdocumentales\/?s={search_term_string}"},"query-input":{"@type":"PropertyValueSpecification","valueRequired":true,"valueName":"search_term_string"}}],"inLanguage":"es"}]}},"_links":{"self":[{"href":"https:\/\/sorprendemos.com\/consultoresdocumentales\/index.php?rest_route=\/wp\/v2\/pages\/2","targetHints":{"allow":["GET"]}}],"collection":[{"href":"https:\/\/sorprendemos.com\/consultoresdocumentales\/index.php?rest_route=\/wp\/v2\/pages"}],"about":[{"href":"https:\/\/sorprendemos.com\/consultoresdocumentales\/index.php?rest_route=\/wp\/v2\/types\/page"}],"author":[{"embeddable":true,"href":"https:\/\/sorprendemos.com\/consultoresdocumentales\/index.php?rest_route=\/wp\/v2\/users\/5"}],"replies":[{"embeddable":true,"href":"https:\/\/sorprendemos.com\/consultoresdocumentales\/index.php?rest_route=%2Fwp%2Fv2%2Fcomments&post=2"}],"version-history":[{"count":0,"href":"https:\/\/sorprendemos.com\/consultoresdocumentales\/index.php?rest_route=\/wp\/v2\/pages\/2\/revisions"}],"wp:attachment":[{"href":"https:\/\/sorprendemos.com\/consultoresdocumentales\/index.php?rest_route=%2Fwp%2Fv2%2Fmedia&parent=2"}],"curies":[{"name":"wp","href":"https:\/\/api.w.org\/{rel}","templated":true}]}}